remainder when 2015 is divided by 503?
3
Calculate the remainder when 63 is divided by 25.
13
Calculate the remainder when 285 is divided by 91.
12
Calculate the remainder when 312 is divided by 103.
3
Calculate the remainder when 134 is divided by 76.
58
Calculate the remainder when 245 is divided by 86.
73
What is the remainder when 7887 is divided by 29?
28
What is the remainder when 1398 is divided by 450?
48
Calculate the remainder when 135 is divided by 25.
10
What is the remainder when 2324 is divided by 155?
154
Calculate the remainder when 476 is divided by 16.
12
What is the remainder when 121 is divided by 37?
10
What is the remainder when 73 is divided by 44?
29
Calculate the remainder when 1013 is divided by 401.
211
Calculate the remainder when 142 is divided by 36.
34
Calculate the remainder when 636 is divided by 226.
184
Calculate the remainder when 214 is divided by 9.
7
Calculate the remainder when 199 is divided by 8.
7
Calculate the remainder when 202 is divided by 87.
28
Calculate the remainder when 1969 is divided by 978.
13
What is the remainder when 2795 is divided by 312?
299
What is the remainder when 331 is divided by 112?
107
What is the remainder when 213 is divided by 55?
48
Calculate the remainder when 1223 is divided by 51.
50
Calculate the remainder when 2497 is divided by 51.
49
Calculate the remainder when 1373 is divided by 414.
131
Calculate the remainder when 75 is divided by 14.
5
What is the remainder when 63 is divided by 3?
0
What is the remainder when 411 is divided by 211?
200
What is the remainder when 281 is divided by 98?
85
What is the remainder when 98 is divided by 38?
22
Calculate the remainder when 156 is divided by 22.
2
What is the remainder when 415 is divided by 56?
23
What is the remainder when 217 is divided by 32?
25
What is the remainder when 3771 is divided by 74?
71
Calculate the remainder when 516 is divided by 11.
10
Calculate the remainder when 100 is divided by 6.
4
What is the remainder when 40 is divided by 15?
10
What is the remainder when 2587 is divided by 16?
11
What is the remainder when 48 is divided by 26?
22
What is the remainder when 77 is divided by 9?
5
Calculate the remainder when 803 is divided by 114.
5
What is the remainder when 1994 is divided by 161?
62
Calculate the remainder when 1689 is divided by 839.
11
Calculate the remainder when 672 is divided by 22.
12
What is the remainder when 58 is divided by 33?
25
Calculate the remainder when 282 is divided by 17.
10
Calculate the remainder when 242 is divided by 61.
59
What is the remainder when 1071 is divided by 154?
147
What is the remainder when 86 is divided by 18?
14
Calculate the remainder when 498 is divided by 28.
22
What is the remainder when 961 is divided by 14?
9
Calculate the remainder when 1595 is divided by 289.
150
Calculate the remainder when 2295 is divided by 2282.
13
Calculate the remainder when 622 is divided by 26.
24
What is the remainder when 504 is divided by 56?
0
What is the remainder when 3525 is divided by 33?
27
What is the remainder when 1120 is divided by 66?
64
What is the remainder when 152 is divided by 11?
9
Calculate the remainder when 455 is divided by 150.
5
Calculate the remainder when 1079 is divided by 54.
53
Calculate the remainder when 122 is divided by 30.
2
What is the remainder when 1185 is divided by 196?
9
Calculate the remainder when 525 is divided by 11.
8
Calculate the remainder when 474 is divided by 65.
19
What is the remainder when 170 is divided by 34?
0
Calculate the remainder when 31 is divided by 8.
7
What is the remainder when 91 is divided by 21?
7
What is the remainder when 896 is divided by 860?
36
Calculate the remainder when 27 is divided by 12.
3
Calculate the remainder when 4933 is divided by 93.
4
Calculate the remainder when 357 is divided by 120.
117
Calculate the remainder when 265 is divided by 121.
23
What is the remainder when 350 is divided by 205?
145
Calculate the remainder when 3422 is divided by 107.
105
What is the remainder when 68 is divided by 26?
16
What is the remainder when 773 is divided by 6?
5
Calculate the remainder when 361 is divided by 13.
10
What is the remainder when 278 is divided by 94?
90
What is the remainder when 2588 is divided by 99?
14
Calculate the remainder when 2994 is divided by 199.
9
Calculate the remainder when 379 is divided by 76.
75
Calculate the remainder when 39193 is divided by 239.
236
What is the remainder when 1057 is divided by 56?
49
What is the remainder when 128 is divided by 126?
2
What is the remainder when 272 is divided by 25?
22
Calculate the remainder when 429 is divided by 81.
24
What is the remainder when 1265 is divided by 53?
46
Calculate the remainder when 4158 is divided by 73.
70
Calculate the remainder when 287 is divided by 24.
23
Calculate the remainder when 1625 is divided by 120.
65
What is the remainder when 582 is divided by 55?
32
Calculate the remainder when 1021 is divided by 161.
55
What is the remainder when 2365 is divided by 37?
34
What is the remainder when 133 is divided by 15?
13
Calculate the remainder when 173 is divided by 32.
13
What is the remainder when 115 is divided by 26?
11
What is the remainder when 269 is divided by 21?
17
What is the remainder when 2623 is divided by 18?
13
Calculate the remainder when 74 is divided by 66.
8
What is the remainder when 409 is divided by 100?
9
Calculate the remainder when 1199 is divided by 397.
8
Calculate the remainder when 781 is divided by 17.
16
Calculate the remainder when 1396 is divided by 78.
70
Calculate the remainder when 441 is divided by 6.
3
What is the remainder when 304 is divided by 94?
22
Calculate the remainder when 1796 is divided by 589.
29
What is the remainder when 162 is divided by 54?
0
Calculate the remainder when 2623 is divided by 11.
5
Calculate the remainder when 393 is divided by 194.
5
Calculate the remainder when 999 is divided by 20.
19
What is the remainder when 348 is divided by 38?
6
Calculate the remainder when 4197 is divided by 1388.
33
Calculate the remainder when 1078 is divided by 90.
88
Calculate the remainder when 5163 is divided by 8.
3
What is the remainder when 1374 is divided by 124?
10
Calculate the remainder when 17818 is divided by 103.
102
What is the remainder when 6462 is divided by 106?
102
Calculate the remainder when 26 is divided by 4.
2
Calculate the remainder when 3607 is divided by 9.
7
What is the remainder when 44219 is divided by 66?
65
What is the remainder when 276 is divided by 92?
0
What is the remainder when 11087 is divided by 63?
62
Calculate the remainder when 501 is divided by 32.
21
What is the remainder when 103 is divided by 8?
7
What is the remainder when 33 is divided by 15?
3
Calculate the remainder when 2089 is divided by 55.
54
What is the remainder when 2110 is divided by 125?
110
Calculate the remainder when 145 is divided by 21.
19
Calculate the remainder when 24 is divided by 20.
4
Calculate the remainder when 1084 is divided by 34.
30
Calculate the remainder when 4978 is divided by 6.
4
Calculate the remainder when 595 is divided by 200.
195
Calculate the remainder when 32 is divided by 21.
11
What is the remainder when 333 is divided by 54?
9
Calculate the remainder when 439 is divided by 22.
21
What is the remainder when 160 is divided by 27?
25
Calculate the remainder when 163 is divided by 45.
28
Calculate the remainder when 102 is divided by 52.
50
Calculate the remainder when 1164 is divided by 25.
14
What is the remainder when 1269 is divided by 40?
29
Calculate the remainder when 1608 is divided by 13.
9
Calculate the remainder when 19609 is divided by 21.
16
Calculate the remainder when 280 is divided by 13.
7
What is the remainder when 197 is divided by 58?
23
What is the remainder when 494 is divided by 120?
14
Calculate the remainder when 192 is divided by 22.
16
What is the remainder when 1321 is divided by 27?
25
Calculate the remainder when 6173 is divided by 14.
13
What is the remainder when 257 is divided by 52?
49
Calculate the remainder when 614 is divided by 71.
46
Calculate the remainder when 88 is divided by 13.
10
What is the remainder when 38 is divided by 20?
18
Calculate the remainder when 396 is di